[INFO] cloning repository https://github.com/xyproto/smileypyramid
[INFO] running `Command { std: "git" "-c" "credential.helper=" "-c" "credential.helper=/workspace/cargo-home/bin/git-credential-null" "clone" "--bare" "https://github.com/xyproto/smileypyramid" "/workspace/cache/git-repos/https%3A%2F%2Fgithub.com%2Fxyproto%2Fsmileypyramid", kill_on_drop: false }`
[INFO] [stderr] Cloning into bare repository '/workspace/cache/git-repos/https%3A%2F%2Fgithub.com%2Fxyproto%2Fsmileypyramid'...
[INFO] running `Command { std: "git" "rev-parse" "HEAD", kill_on_drop: false }`
[INFO] [stdout] 506ab8e940c3528a7baaa7c1a761c28cb837dfac
[INFO] checking xyproto/smileypyramid against master#af3c6e733a40e671550e0f0f5aeecaa13772ba56 for pr-74989
[INFO] running `Command { std: "git" "clone" "/workspace/cache/git-repos/https%3A%2F%2Fgithub.com%2Fxyproto%2Fsmileypyramid" "/workspace/builds/worker-8/source", kill_on_drop: false }`
[INFO] [stderr] Cloning into '/workspace/builds/worker-8/source'...
[INFO] [stderr] done.
[INFO] validating manifest of git repo https://github.com/xyproto/smileypyramid on toolchain af3c6e733a40e671550e0f0f5aeecaa13772ba56
[INFO] running `Command { std: "/workspace/cargo-home/bin/cargo" "+af3c6e733a40e671550e0f0f5aeecaa13772ba56" "read-manifest" "--manifest-path" "Cargo.toml", kill_on_drop: false }`
[INFO] started tweaking git repo https://github.com/xyproto/smileypyramid
[INFO] finished tweaking git repo https://github.com/xyproto/smileypyramid
[INFO] tweaked toml for git repo https://github.com/xyproto/smileypyramid written to /workspace/builds/worker-8/source/Cargo.toml
[INFO] crate git repo https://github.com/xyproto/smileypyramid already has a lockfile, it will not be regenerated
[INFO] running `Command { std: "/workspace/cargo-home/bin/cargo" "+af3c6e733a40e671550e0f0f5aeecaa13772ba56" "fetch" "--locked" "--manifest-path" "Cargo.toml", kill_on_drop: false }`
[INFO] [stderr]     Blocking waiting for file lock on package cache
[INFO] running `Command { std: "docker" "create" "-v" "/var/lib/crater-agent-workspace/builds/worker-8/target:/opt/rustwide/target:rw,Z" "-v" "/var/lib/crater-agent-workspace/builds/worker-8/source:/opt/rustwide/workdir:ro,Z" "-v" "/var/lib/crater-agent-workspace/cargo-home:/opt/rustwide/cargo-home:ro,Z" "-v" "/var/lib/crater-agent-workspace/rustup-home:/opt/rustwide/rustup-home:ro,Z" "-e" "SOURCE_DIR=/opt/rustwide/workdir" "-e" "CARGO_TARGET_DIR=/opt/rustwide/target" "-e" "CARGO_HOME=/opt/rustwide/cargo-home" "-e" "RUSTUP_HOME=/opt/rustwide/rustup-home" "-w" "/opt/rustwide/workdir" "-m" "1610612736" "--user" "0:0" "--network" "none" "rustops/crates-build-env@sha256:d92eaeed33fa75130ca1ee6c8a01d1ffb62bac859dfdfb3450e3e5d1c0146529" "/opt/rustwide/cargo-home/bin/cargo" "+af3c6e733a40e671550e0f0f5aeecaa13772ba56" "metadata" "--no-deps" "--format-version=1", kill_on_drop: false }`
[INFO] [stdout] 596e3b3692e0a55d8339ae9e571c7a4bbb00b08c890992008151fc0c3d89c4ad
[INFO] [stderr] WARNING: Your kernel does not support swap limit capabilities or the cgroup is not mounted. Memory limited without swap.
[INFO] running `Command { std: "docker" "start" "-a" "596e3b3692e0a55d8339ae9e571c7a4bbb00b08c890992008151fc0c3d89c4ad", kill_on_drop: false }`
[INFO] running `Command { std: "docker" "inspect" "596e3b3692e0a55d8339ae9e571c7a4bbb00b08c890992008151fc0c3d89c4ad", kill_on_drop: false }`
[INFO] running `Command { std: "docker" "rm" "-f" "596e3b3692e0a55d8339ae9e571c7a4bbb00b08c890992008151fc0c3d89c4ad", kill_on_drop: false }`
[INFO] [stdout] 596e3b3692e0a55d8339ae9e571c7a4bbb00b08c890992008151fc0c3d89c4ad
[INFO] running `Command { std: "docker" "create" "-v" "/var/lib/crater-agent-workspace/builds/worker-8/target:/opt/rustwide/target:rw,Z" "-v" "/var/lib/crater-agent-workspace/builds/worker-8/source:/opt/rustwide/workdir:ro,Z" "-v" "/var/lib/crater-agent-workspace/cargo-home:/opt/rustwide/cargo-home:ro,Z" "-v" "/var/lib/crater-agent-workspace/rustup-home:/opt/rustwide/rustup-home:ro,Z" "-e" "SOURCE_DIR=/opt/rustwide/workdir" "-e" "CARGO_TARGET_DIR=/opt/rustwide/target" "-e" "CARGO_INCREMENTAL=0" "-e" "RUST_BACKTRACE=full" "-e" "RUSTFLAGS=--cap-lints=forbid" "-e" "CARGO_HOME=/opt/rustwide/cargo-home" "-e" "RUSTUP_HOME=/opt/rustwide/rustup-home" "-w" "/opt/rustwide/workdir" "-m" "1610612736" "--user" "0:0" "--network" "none" "rustops/crates-build-env@sha256:d92eaeed33fa75130ca1ee6c8a01d1ffb62bac859dfdfb3450e3e5d1c0146529" "/opt/rustwide/cargo-home/bin/cargo" "+af3c6e733a40e671550e0f0f5aeecaa13772ba56" "check" "--frozen" "--all" "--all-targets" "--message-format=json", kill_on_drop: false }`
[INFO] [stderr] WARNING: Your kernel does not support swap limit capabilities or the cgroup is not mounted. Memory limited without swap.
[INFO] [stdout] 1d8baaa59fa4618c7871b1062f13fdb7efad6f8a1ea35275eb2bbbfcb95d8c3c
[INFO] running `Command { std: "docker" "start" "-a" "1d8baaa59fa4618c7871b1062f13fdb7efad6f8a1ea35275eb2bbbfcb95d8c3c", kill_on_drop: false }`
[INFO] [stderr]    Compiling proc-macro2 v1.0.6
[INFO] [stderr]    Compiling unicode-xid v0.2.0
[INFO] [stderr]     Checking lazy_static v1.4.0
[INFO] [stderr]    Compiling serde v1.0.104
[INFO] [stderr]     Checking strsim v0.9.3
[INFO] [stderr]     Checking thread_local v0.3.6
[INFO] [stderr]     Checking regex v1.3.1
[INFO] [stderr]    Compiling quote v1.0.2
[INFO] [stderr]    Compiling syn v1.0.11
[INFO] [stderr]    Compiling serde_derive v1.0.104
[INFO] [stderr]     Checking docopt v1.1.0
[INFO] [stderr]     Checking smileypyramid v1.0.1 (/opt/rustwide/workdir)
[INFO] [stdout] error[E0425]: cannot find function `smiley_line` in this scope
[INFO] [stdout]  --> rust/lib.rs:5:20
[INFO] [stdout]   |
[INFO] [stdout] 5 |         assert_eq!(smiley_line(0), "");
[INFO] [stdout]   |                    ^^^^^^^^^^^ not found in this scope
[INFO] [stdout]   |
[INFO] [stdout] help: consider importing this function
[INFO] [stdout]   |
[INFO] [stdout] 4 |     use smiley_line;
[INFO] [stdout]   |
[INFO] [stdout] 
[INFO] [stdout] 
[INFO] [stdout] error[E0425]: cannot find function `smiley_line` in this scope
[INFO] [stdout]  --> rust/lib.rs:6:20
[INFO] [stdout]   |
[INFO] [stdout] 6 |         assert_eq!(smiley_line(1), ")");
[INFO] [stdout]   |                    ^^^^^^^^^^^ not found in this scope
[INFO] [stdout]   |
[INFO] [stdout] help: consider importing this function
[INFO] [stdout]   |
[INFO] [stdout] 4 |     use smiley_line;
[INFO] [stdout]   |
[INFO] [stdout] 
[INFO] [stdout] 
[INFO] [stdout] error[E0425]: cannot find function `smiley_line` in this scope
[INFO] [stdout]  --> rust/lib.rs:7:20
[INFO] [stdout]   |
[INFO] [stdout] 7 |         assert_eq!(smiley_line(2), ":)");
[INFO] [stdout]   |                    ^^^^^^^^^^^ not found in this scope
[INFO] [stdout]   |
[INFO] [stdout] help: consider importing this function
[INFO] [stdout]   |
[INFO] [stdout] 4 |     use smiley_line;
[INFO] [stdout]   |
[INFO] [stdout] 
[INFO] [stdout] 
[INFO] [stdout] error[E0425]: cannot find function `smiley_line` in this scope
[INFO] [stdout]  --> rust/lib.rs:8:20
[INFO] [stdout]   |
[INFO] [stdout] 8 |         assert_eq!(smiley_line(3), ":-)");
[INFO] [stdout]   |                    ^^^^^^^^^^^ not found in this scope
[INFO] [stdout]   |
[INFO] [stdout] help: consider importing this function
[INFO] [stdout]   |
[INFO] [stdout] 4 |     use smiley_line;
[INFO] [stdout]   |
[INFO] [stdout] 
[INFO] [stdout] 
[INFO] [stdout] error: aborting due to 4 previous errors
[INFO] [stdout] 
[INFO] [stdout] 
[INFO] [stdout] For more information about this error, try `rustc --explain E0425`.
[INFO] [stdout] 
[INFO] [stderr] error: could not compile `smileypyramid`.
[INFO] [stderr] 
[INFO] [stderr] To learn more, run the command again with --verbose.
[INFO] [stderr] warning: build failed, waiting for other jobs to finish...
[INFO] [stderr] error: build failed
[INFO] running `Command { std: "docker" "inspect" "1d8baaa59fa4618c7871b1062f13fdb7efad6f8a1ea35275eb2bbbfcb95d8c3c", kill_on_drop: false }`
[INFO] running `Command { std: "docker" "rm" "-f" "1d8baaa59fa4618c7871b1062f13fdb7efad6f8a1ea35275eb2bbbfcb95d8c3c", kill_on_drop: false }`
[INFO] [stdout] 1d8baaa59fa4618c7871b1062f13fdb7efad6f8a1ea35275eb2bbbfcb95d8c3c
